- 3*l + 207 = 0, 0*v - 3*l + w = v. What is the tens digit of v?
6
Suppose -2*s = 3*s. Suppose 2*l - 6*l + 16 = s. What is the units digit of ((-4)/16)/((-1)/l)?
1
Suppose 4*q + 677 = 5*f, 2*f + q - 198 = 78. What is the hundreds digit of f?
1
Let z = 125 + -47. Suppose 12*o + z = 15*o. What is the tens digit of o?
2
Let y be 2 + -2*(-3 + 6/4). Suppose 0 = -2*j, y*k - 155 = 2*j + j. What is the tens digit of k?
3
Let m(t) = -t**3 - 2*t**2 - t + 593. Let b be m(0). Suppose -8*x + 71 = -b. What is the tens digit of x?
8
Let b(w) = -172*w + 207. What is the units digit of b(-7)?
1
Let x be (-10 + 16)*(53 - (4 - 1)). Let w be 27/5 + 4/(-10). Suppose x = w*s + 60. What is the units digit of s?
8
Let c(m) = -m**3 - 7*m**2 - m - 8. Let f be c(-6). Let u = -19 - -3. Let k = u - f. What is the units digit of k?
2
Suppose 0 = -65*v + 62*v + 1404. What is the units digit of v?
8
Let u = -94 - -99. Suppose -a = u*t - 96, 4*a + t - 299 = -2*t. What is the tens digit of a?
7
Let m(s) = s + 11. Let h be m(-14). Let k(a) = -a**3 - 8*a**2 + a + 8. Let q be k(-8). What is the units digit of 12 - q/(h + -1)?
2
Let l(q) = q**3 + 2*q**2 + 4*q - 2. Let v be l(3). Suppose -13 = 4*n + v. Let r = -6 - n. What is the tens digit of r?
1
Let z = 539 + -244. What is the units digit of z?
5
Suppose -5*p - 25 = 0, m - 7*p = -2*p + 2116. What is the units digit of m?
1
Let h(x) be the second derivative of -x**4/12 - 11*x**3/6 + 3*x**2 + x. Suppose 0*p + 48 = -4*m + p, 3*p + 10 = -2*m. What is the units digit of h(m)?
6
Suppose 19074 = -96*t + 118*t. What is the tens digit of t?
6
What is the hundreds digit of (-15000)/(-21) + (5 - (-111)/(-21))?
7
Suppose -5*m = a - 38, 0 = -5*a - 11 + 1. Let j be ((-2)/(-6))/(m/(-48)). What is the units digit of 1/j - (-74)/4?
8
Let n = -33 + 36. What is the hundreds digit of 3*n*(25 + -2)?
2
Let w = 1494 + -1395. What is the units digit of w?
9
Let v = 30 + -18. Let j(i) = i**2 - 24*i + 16. Let p be j(v). Let o = 207 + p. What is the units digit of o?
9
Suppose -u = -6*u + 110. Let p = 23 + u. What is the tens digit of p?
4
Let a(d) be the first derivative of -d**4/4 + 7*d**3/3 - 2*d**2 + 6*d + 15. Let i = 5 - -1. What is the units digit of a(i)?
8
Suppose 4*i = 3*i + 29. Let l = -27 + i. Suppose y = 2*b - 90, -3*y = -b - l*y + 46. What is the units digit of b?
4
Let c be (7 - 5) + 6/(-2). Let f be c + 2/(2 + 0). Suppose -9*q + 12*q - 51 = f. What is the tens digit of q?
1
What is the tens digit of 119 - (6 - 1) - 6/2?
1
Let q be ((-3)/3 - -2)*52. Let o be (-2)/6 - q/(-12). Suppose -5*l + o*p + 158 = 0, -3*p - 246 = -5*l - 90. What is the tens digit of l?
3
Suppose -5*h + 1058 = -q - q, 2*q = h - 218. What is the hundreds digit of (140/30)/(4/h)?
2
Let c(b) = 2*b**3 - 4*b**2 - b. Let i be c(3). Let r(t) = 24*t - 24. Let g be r(i). Suppose -g = j - 7*j. What is the units digit of j?
6
Let y(c) = 15*c**2 - 2*c + 5. Suppose -5*i + 34 = -1. Let v(b) = -b**2 + 5*b + 16. Let r be v(i). What is the units digit of y(r)?
1
Suppose -32 = -3*f - 11. What is the tens digit of 18 + f*6/21?
2
Suppose -p - 2*f = -28 + 268, -5*f = -5*p - 1140. Let r = p - -332. What is the units digit of r?
0
Let f(g) = 23*g + 20*g - 87*g + 6. Let i be f(-5). Suppose 3*m = 5*o + i, -m = 3*m + 5*o - 243. What is the units digit of m?
7
What is the hundreds digit of ((-274)/6)/((-276)/54 - -5)?
4
Let t be (118 + 0)*(-8)/16. Let d = -14 - t. What is the units digit of d?
5
Let i(x) = x - 23 + 37 + 78 + 10 - 3*x**2. What is the tens digit of i(0)?
0
Let v(b) = 9*b**2 - 2*b**3 + 0 + b**3 + 12*b - 14. Let x be (12/(-30))/(1/(-25)). What is the units digit of v(x)?
6
Let r(g) = g**2 - 6*g - 3. Let y be r(6). Let d(o) = o**3 - 6*o**2 - 6*o + 1. Let k be d(7). Let p = k + y. What is the units digit of p?
5
Let n = -22 + 22. Suppose 69 = -n*f + 3*f. What is the tens digit of f?
2
Let f(l) = 95*l - 935. What is the hundreds digit of f(44)?
2
Suppose 2*c + 5*o + 16 = 0, -o + 3 = 5*c - 3. Suppose 2*z - 230 = -2*a + 28, c*a + z = 261. What is the hundreds digit of a?
1
Let k = -58 + 10. Let m = 27 - k. What is the tens digit of m?
7
What is the tens digit of (-17)/(2431/22) + (-8868)/(-13)?
8
Suppose 5*c - 8*c - 123 = 0. Let z = 62 + c. What is the units digit of z?
1
Suppose 0 = -13*a + 3349 + 304. What is the hundreds digit of a?
2
Suppose 0 = 35*r - 29*r - 2304. What is the tens digit of r?
8
Let i(w) = 6*w**3 - 2*w**2 + 6*w + 21. What is the hundreds digit of i(7)?
0
What is the thousands digit of -6 + 1442 + (9 - 0)?
1
What is the units digit of 208/((24/32)/(69/8))?
2
Let t(q) be the first derivative of 2*q**2 + 2*q - 10. What is the units digit of t(16)?
6
Suppose 3*a = -2*q + 2296, 7*a = 2*a + 3*q + 3795. Let n be a/30 + (-6)/(-10). Let d = 50 - n. What is the units digit of d?
4
What is the hundreds digit of -4 - (-5 - -6) - -4937?
9
Let t(j) = 5*j - 1. Let x be 8/(-10)*(-105)/14. Let d be -3 + (x + 0 - -3). What is the tens digit of t(d)?
2
Suppose 0*h - 4*u - 4 = 4*h, 4*u + 4 = 2*h. Let v(c) = c**3 + c**2 + 2*c + 101. What is the hundreds digit of v(h)?
1
Let y = -411 + 1039. What is the hundreds digit of y?
6
Let o = 134 + -104. What is the units digit of o?
0
Suppose 5*p - 56 = -2*m, -p - 4*p + m = -47. Let j(w) be the first derivative of w**3/3 - 5*w**2 + 18*w + 3. What is the units digit of j(p)?
8
Suppose 10 - 9 = d. Let p(u) = 74*u. What is the units digit of p(d)?
4
Suppose -5*v + 0 + 8 = 4*y, -32 = -5*v + 4*y. Let p(q) = 2*q**2 + 6 - q + v*q - 5*q - 6*q. What is the tens digit of p(6)?
3
Suppose 5*v = 7*v + 28. Let h be (-60)/v + 2/(-7). What is the tens digit of (h - (-5 - -4))*7?
3
Let f(o) = -o**3 - 8*o**2 + 6*o - 18. Let h be f(-9). Suppose 94 + 761 = h*k. What is the units digit of k?
5
Suppose 0 = 8*y - 3*y. Suppose 5*a + 2*d - 35 = y, 5*d - 4 + 11 = -2*a. What is the units digit of a?
9
Let k = -12 + 14. Let b = k - 14. Let c(j) = j**2 + 7*j - 8. What is the units digit of c(b)?
2
Let l = -7083 - -11763. What is the tens digit of l?
8
Let t = -3075 + 4879. What is the tens digit of t?
0
Let y(v) = 1. Let d(u) = 2*u + 14. Let r(w) = d(w) - 10*y(w). Let b(z) = -4*z - 1. Let f be b(-1). What is the units digit of r(f)?
0
Suppose -6 = 2*q - 5*q. Suppose 12 = q*y + 4. Suppose -4*p - p = y*u - 24, -5*p = -4*u - 56. What is the units digit of p?
8
Let r be ((-8)/24)/(1/3). Let c(s) be the first derivative of -15*s**4/4 - s**2/2 + 6. What is the tens digit of c(r)?
1
Suppose 12*u = 7*u - 20. Let b(o) = o**2 + o + 1. Let j(c) = -3*c**2 - 17*c - 9. Let h(s) = u*b(s) - j(s). What is the units digit of h(13)?
5
Suppose -3*p + 47 = a - 5, a + 38 = 2*p. Suppose 4*u - 38 = p. Suppose f - u = -f. What is the units digit of f?
7
Suppose -4*c + y - 939 + 11004 = 0, -3*y - 7551 = -3*c. What is the tens digit of c?
1
Suppose 2*j - 5*j + 2*z = -386, -3*j - 2*z + 406 = 0. What is the units digit of j?
2
Let u(z) = 5*z + 29. Let c be u(-12). Let w = c + 47. What is the units digit of w?
6
Let k(h) = -h**3 + h**2. Let q(n) = 4*n**3 + 2*n - 1. Let y(c) = -3*k(c) - q(c). What is the units digit of y(-3)?
7
Let h = 22 + -18. Suppose -2*x - 258 = -2*v - x, -x + 504 = h*v. What is the units digit of v?
7
Let f(o) = -o**2 + 15*o - 27. Suppose -42 = -3*q - 9. What is the units digit of f(q)?
7
Let p(j) = j**3 - 4*j**2 + 2*j - 5. Let t be p(4). Let k(a) = -t - 2 - a - 1 - 2. What is the units digit of k(-14)?
6
Suppose -15*u = -639 - 2391. Let j = u - 72. What is the units digit of j?
0
Let v(k) = -9*k + 38. Let g be v(4). Suppose m + 1310 = 5*l, g*m + 233 = 2*l - 283. What is the hundreds digit of l?
2
Suppose 5*k = -2*h + 543, 3*h - 21 = -k + 85. Let c = -29 + k. Let j = 124 - c. What is the tens digit of j?
4
Let b be (1 - 0)*(-3 + -25 + -3). Suppose y - 53 = -5*h + 16, -3*h - 3 = 0. Let k = b + y. What is the tens digit of k?
4
Suppose -214 = -10*i + 176. Suppose 4*q = m - i, -3*m + 2*q = 2*m - 213. What is the units digit of m?
3
Let o = -75 - -47. Let h = 16 + o. Let t = h + 22. What is the tens digit of t?
1
Let c(w) = w**2 + 2*w - 8. Let k be c(-4). Suppose d - 58 = -k*d. What is the units digit of d?
8
Suppose 28 = 9*g - 10*g. Let f be 0 - -2 - (2 - g). Let d = -17 - f. What is the tens digit of d?
1
Let s(u) = -429 + u**2 + 0*u - 15*u + 420. What is the tens digit of s(-5)?
9
